 of r.
3, 17
List the prime factors of 14094/10 + 246/410.
2, 3, 5, 47
Let d = 5 - 11. Let b = 51 - d. Let r = -31 + b. What are the prime factors of r?
2, 13
Suppose 3*g - 6*g + 18 = 0. What are the prime factors of (g/5)/((-27)/(-90))?
2
Let w = 1435 - 637. List the prime factors of w.
2, 3, 7, 19
Let f = 13 + -14. Let k(a) = -39*a**3 + a**2 - 1. List the prime factors of k(f).
3, 13
Suppose 8 = 6*x - 796. Let m = -48 + x. List the prime factors of m.
2, 43
Let z = -4 - -4. Let i be (6 + 2)*(4 - z). Let s = 99 - i. List the prime factors of s.
67
Let k = 63 + -90. Let f = k + 33. Suppose 99 + 93 = f*z. List the prime factors of z.
2
Let r(t) = t**3 - 9*t**2 + 8*t - 12. Let o be r(8). Let j = -10 - o. Suppose -5*x + 150 = -5*z, 4*x - j = -4*z + 94. What are the prime factors of x?
3
Let n(i) = 7*i + 576. What are the prime factors of n(0)?
2, 3
Suppose -3*q + 1110 = 4*t, -465 = -3*q + 2*t + 627. What are the prime factors of q?
2, 3, 61
Suppose -2*s = -4*s - 6. Let a = s - -17. Suppose 12*n + 24 = a*n. What are the prime factors of n?
2, 3
Suppose 3571 - 835 = 6*x. List the prime factors of x.
2, 3, 19
Suppose p + 3*c - 1530 - 621 = 0, -4*p + 2*c + 8660 = 0. What are the prime factors of p?
3, 7, 103
Let i(p) = 42*p - 7. List the prime factors of i(11).
5, 7, 13
Let p be 4/22 + ((-21772)/(-22))/2. Suppose -p = -4*d + 3*f, -3*d - 4*f + 0*f + 365 = 0. List the prime factors of d.
3, 41
Let n be 75/12 - (-3)/(-12). Suppose 0 = -z - z + n. Suppose -4*w = 2*p - 22, -p - 5 = -z*w + 4. What are the prime factors of w?
2
Let c(i) = -2*i**2 + 2*i - 4. Let y be c(2). Let s be 12/(-8)*y/3. Suppose -d = -s*d + 15. What are the prime factors of d?
5
Let b be (4/4)/((-3)/(-6)). Suppose -b*l + 4*l = -z - 59, 227 = -4*z - 5*l. What are the prime factors of z/(-2) + 4/(-8)?
2, 13
Let s = 474 + -492. Let r be (-226)/(-8) - 2/8. Let i = r + s. List the prime factors of i.
2, 5
Suppose -2*v = -0*p + p - 429, 2*v - 441 = -5*p. What are the prime factors of v?
3, 71
Let l = 41 - 33. Suppose l*w = 9*w - 30. List the prime factors of w.
2, 3, 5
Suppose -7*u = -8*u + 1. Suppose -6*h = -h + 2*n - 128, n + u = 0. List the prime factors of h.
2, 13
Let m be 2*(386/4 - 3). Let r = 282 - m. Let c = r + -58. What are the prime factors of c?
37
Let i = 12 + -8. Let b be ((-3)/2)/(i/(-8)). Suppose -b*l = r - 37, 2*l - 33 = -r - 0*r. List the prime factors of r.
5
Let y = -1 - -6. Suppose y*z = u + 215, 0*u + u = 3*z - 127. What are the prime factors of z?
2, 11
Let p = 480 + -244. Suppose -5*y + 3*g + 51 = -4*y, 4*y - p = 4*g. What are the prime factors of y?
3, 7
Let j = -13 + 18. Let p = 772 - 798. What are the prime factors of p/(-1) - 15/j?
23
Let t(k) = -124*k - 48. Let f(g) = -83*g - 32. Let l(n) = -7*f(n) + 5*t(n). What are the prime factors of l(-3)?
101
Let b(f) = 3*f**3 - f**2 - f + 1. Let a be b(1). What are the prime factors of (-335)/(-10) - 3/a?
2
Let q = -326 - -1079. List the prime factors of q.
3, 251
Let n be (-7)/(-3)*(3 - 6). Let f(z) = -10*z - 15. What are the prime factors of f(n)?
5, 11
Suppose i - 3396 = 3*k, 3*k = 4*k + 5. What are the prime factors of i?
3, 7, 23
Let c = 3785 - 1076. What are the prime factors of c?
3, 7, 43
Let u be 21/6*2/1. Suppose 4*i + 63 = 3*t, -t = -2*i - 26 - u. What are the prime factors of 4/3*i/(-12)?
2
What are the prime factors of (-12977)/(-7) + 55/385?
2, 3, 103
Let n(a) be the second derivative of 4*a + 0*a**3 + 1/20*a**5 + a**2 + 5/12*a**4 + 0. What are the prime factors of n(-5)?
2
Suppose -5*r + 66 = -5*y + 331, -57 = -y - 3*r. Let n = 55 + y. List the prime factors of n.
109
Let p(s) = -s**3 + s**2 + 5. Let f be p(0). Suppose 78 = -f*m + 443. What are the prime factors of m?
73
What are the prime factors of (-4275)/(-10) + -6*(-1)/(-4)?
2, 3, 71
Let h(y) = -y**2 - 4*y + 2. Let a be h(-4). Let n be (-1 + 3 + -2)/a. Suppose -4*m = -4*g + 44, 0*g - g + 4*m + 2 = n. List the prime factors of g.
2, 7
Let n(r) = r**2 + r + 5. Let o(b) = -b - 12. Let y be o(-6). Let p be n(y). Suppose -4*k = -3*w + p, w - 6*w + 4*k = -69. What are the prime factors of w?
17
Suppose 5 = c - 0. Suppose 0*s - s = -5*u + 622, 0 = c*s - 15. Suppose 3*n + n = 12, -3*n + u = 4*w. List the prime factors of w.
29
Let x(m) be the second derivative of m**3/2 - 7*m**2 - 31*m. Suppose -4*s - 40 = -w - 3*w, 0 = 5*w + s - 38. What are the prime factors of x(w)?
2, 5
Let b be 33*(-3)/(9/2). Let l = b - -61. Suppose j + 2*u = l, -4*j + u + 81 = -48. What are the prime factors of j?
3, 11
Let c = 2877 + -2151. What are the prime factors of c?
2, 3, 11
Let q be (-2)/(-7) - 234/(-63). Let y be (-6)/(q/2) - -4. List the prime factors of (4 - y) + -10 + 31.
2, 3
Suppose -x = 6*x - 14. Suppose 5*k - x*a = -140, 4*k + 0*a - a = -112. Let m = k + 39. List the prime factors of m.
11
Let u(d) = 2*d**2 - 6*d + 572. List the prime factors of u(0).
2, 11, 13
Let a(d) = d**3 + 7*d**2 + 5*d. Let h be a(-6). What are the prime factors of (-4)/24 - (-259)/h?
43
Suppose -7*n + 300 = -3*n. What are the prime factors of n?
3, 5
Let o(b) = 283*b**2 - 7*b - 4. List the prime factors of o(-1).
2, 11, 13
Let y(b) = 5*b**2 + 7*b - 40. Let c be y(7). Suppose -2*t + 4*w = -c, -3 = w - 2. List the prime factors of t.
5
Suppose -u + 6*u + 206 = 4*z, 2*z = -5*u - 212. Let w be u/28*8/(-3). Suppose w*r = r + 24. What are the prime factors of r?
2
Let w = 5154 + -1589. List the prime factors of w.
5, 23, 31
Suppose -2*u - 3*p - 3 + 28 = 0, -2*u = -5*p - 1. Suppose -u*k + 5*k + 219 = 0. Suppose 2*x + k = 6*x + 3*q, 0 = -4*x - q + 67. List the prime factors of x.
2
Suppose 18 = -4*k + 66. Let b(q) = -q + 28. What are the prime factors of b(k)?
2
Let x = 35 - 34. Let j(w) = -4*w**2 - 3*w - 10. Let u(t) = t**2 + 1. Let n(o) = x*j(o) + 5*u(o). What are the prime factors of n(-8)?
83
Suppose i - 8 = -3. Let z = i + 0. Suppose z*p - n = 2*p + 153, p = -5*n + 67. List the prime factors of p.
2, 13
Suppose -2*b = -43 + 317. Let z = b + 268. List the prime factors of z.
131
Let z = 6 - 36. Let r = 34 - 33. List the prime factors of -4 - -1 - z/r.
3
Suppose 18*i - 15*i + 24 = 0. What are the prime factors of (2 + -32)/(-1*i/(-4))?
3, 5
Suppose -5*m - 3 = 12. Let n be (28/m)/((-1)/(-3)). Let z = 54 + n. What are the prime factors of z?
2, 13
Let o be (-480)/(-25) - 4/20. Let w = 18 - o. What are the prime factors of 2 - (w + -1)*12?
2, 13
Let a be ((-2)/5)/((-9)/(-135)). Let y(r) = 2*r**2 + 6*r + 8. What are the prime factors of y(a)?
2, 11
Suppose 0 = 17*s - 7082 - 6433. List the prime factors of s.
3, 5, 53
Suppose -2*s = 5*h + s - 23, 4*s - 24 = -5*h. Suppose 4*f = 2*f + h. Suppose 2*j - f*l - 6 = -l, -3*j + 31 = 4*l. What are the prime factors of j?
5
Let u = 546 - -966. List the prime factors of u.
2, 3, 7
Let a(m) = m**3 - 3*m**2 - 4*m - 6. Let i = -2 + 7. Let q be a(i). Suppose -3*s + 6*s + c = q, 5*c = -2*s + 29. List the prime factors of s.
7
Suppose -13*v + 2749 = -267. What are the prime factors of v?
2, 29
Let g(w) = 59*w**3 + w**2 - 2*w + 1. Let i = 6 + -5. Let z be g(i). Let v = z + -28. What are the prime factors of v?
31
What are the prime factors of -6 + 33/5 - 44934/(-10)?
2, 3, 7, 107
Let h = 31 - 29. Suppose 2*l = -0*l - y + 319, l - 155 = -h*y. What are the prime factors of l?
7, 23
Let u be (-55 - (0 - -3)) + (-2)/(-2). Let i = u - -159. What are the prime factors of i?
2, 3, 17
Let h be -1*12/10*5. Let j(k) = 2*k**2 + 2*k + 1. What are the prime factors of j(h)?
61
Let c be 7/((-14)/16)*-1. List the prime factors of 33*(-9)/((-54)/c).
2, 11
Let q be (-420)/25*(-50)/(-20). Let y be (44/3)/((-1)/(-6)). Let w = y + q. What are the prime factors of w?
2, 23
Let p = -22 + 11. Let n = 13 + p. Suppose 5 - 1 = n*g. List the prime factors of g.
2
Let g = 1279 + 937. List the prime factors of g.
2, 277
Suppose 4 - 29 = -w. Let a be ((-20)/w)/((-2)/(-10)). What are the prime factors of -3*48/a + -1?
5, 7
Suppose 114*a - 113*a - 3190 = 0. List the prime factors of a.
2, 5, 11, 29
Let z(o) = -616*o**3 - 3*o - 2. What are the prime factors of z(-1)?
617
List the prime factors of (-5217 + 5)*(-2)/8*1.
1303
Let h = 1 - 1. Let n be ((-10)/(-3) - -2)/(6/27). List the prime factors of n/((-6)/(-2)) - h.
2
Suppose -2*t + 4*t - 4*y + 40 = 0, -21 = t - 3*y. Let b = t + -2. List the prime fa